{"id":12699,"date":"2023-02-10T20:38:35","date_gmt":"2023-02-10T16:38:35","guid":{"rendered":"https:\/\/hanoglubaklava.az\/?post_type=product&#038;p=12699"},"modified":"2023-02-17T13:31:23","modified_gmt":"2023-02-17T09:31:23","slug":"badamli-baki-paxlavasi","status":"publish","type":"product","link":"https:\/\/hanoglubaklava.az\/?product=badamli-baki-paxlavasi","title":{"rendered":"Badaml\u0131 Bak\u0131 Paxlavas\u0131"},"content":{"rendered":"","protected":false},"excerpt":{"rendered":"<p><span style=\"color: #000000;\">Badaml\u0131 Bak\u0131 paxlavas\u0131, k\u0259r\u0259ya\u011f\u0131, paxlava unu, badam l\u0259p\u0259si v\u0259 \u015f\u0259rb\u0259t il\u0259\u00a0 haz\u0131rlan\u0131r.<\/span><\/p>\n<p><span style=\"color: #000000;\">Bayram s\u00fcfr\u0259nizd\u0259 h\u0259m g\u00f6r\u00fcnt\u00fcs\u00fc, h\u0259m d\u0259 l\u0259zz\u0259ti il\u0259 q\u0259lbinizi f\u0259th ed\u0259n bu paxlava, badaml\u0131 i\u00e7liyi il\u0259 damaqda unudulmaz bir dad burax\u0131r.<\/span><\/p>\n","protected":false},"featured_media":12928,"comment_status":"open","ping_status":"closed","template":"","meta":{"_acf_changed":false,"om_disable_all_campaigns":false,"_monsterinsights_skip_tracking":false,"_monsterinsights_sitenote_active":false,"_monsterinsights_sitenote_note":"","_monsterinsights_sitenote_category":0},"product_cat":[47],"product_tag":[],"class_list":{"0":"post-12699","1":"product","2":"type-product","3":"status-publish","4":"has-post-thumbnail","6":"product_cat-paxlavalar","8":"first","9":"instock","10":"shipping-taxable","11":"product-type-simple"},"acf":[],"aioseo_notices":[],"_links":{"self":[{"href":"https:\/\/hanoglubaklava.az\/index.php?rest_route=\/wp\/v2\/product\/12699","targetHints":{"allow":["GET"]}}],"collection":[{"href":"https:\/\/hanoglubaklava.az\/index.php?rest_route=\/wp\/v2\/product"}],"about":[{"href":"https:\/\/hanoglubaklava.az\/index.php?rest_route=\/wp\/v2\/types\/product"}],"replies":[{"embeddable":true,"href":"https:\/\/hanoglubaklava.az\/index.php?rest_route=%2Fwp%2Fv2%2Fcomments&post=12699"}],"wp:featuredmedia":[{"embeddable":true,"href":"https:\/\/hanoglubaklava.az\/index.php?rest_route=\/wp\/v2\/media\/12928"}],"wp:attachment":[{"href":"https:\/\/hanoglubaklava.az\/index.php?rest_route=%2Fwp%2Fv2%2Fmedia&parent=12699"}],"wp:term":[{"taxonomy":"product_cat","embeddable":true,"href":"https:\/\/hanoglubaklava.az\/index.php?rest_route=%2Fwp%2Fv2%2Fproduct_cat&post=12699"},{"taxonomy":"product_tag","embeddable":true,"href":"https:\/\/hanoglubaklava.az\/index.php?rest_route=%2Fwp%2Fv2%2Fproduct_tag&post=12699"}],"curies":[{"name":"wp","href":"https:\/\/api.w.org\/{rel}","templated":true}]}}