{"id":12733,"date":"2023-02-11T11:53:13","date_gmt":"2023-02-11T07:53:13","guid":{"rendered":"https:\/\/hanoglubaklava.az\/?post_type=product&#038;p=12733"},"modified":"2023-02-13T16:08:39","modified_gmt":"2023-02-13T12:08:39","slug":"kokoslu-rafaello-paxlava","status":"publish","type":"product","link":"https:\/\/hanoglubaklava.az\/?product=kokoslu-rafaello-paxlava","title":{"rendered":"Kokoslu Rafaello Paxlava"},"content":{"rendered":"","protected":false},"excerpt":{"rendered":"<p><span style=\"color: #000000;\">Kokoslu rafaello paxlavan\u0131n t\u0259rkibin\u0259 paxlava unu, kokos, \u015f\u0259rb\u0259t v\u0259 k\u0259r\u0259ya\u011f\u0131 daxildir.<\/span><\/p>\n<p><span style=\"color: #000000;\">Rafaello sev\u0259nl\u0259rin tam \u00fcr\u0259yinc\u0259 olacaq bu \u00e7e\u015fid, h\u0259m sad\u0259, h\u0259m d\u0259 \u015fokoladl\u0131 n\u00f6v\u00fc il\u0259 m\u00fc\u015ft\u0259ril\u0259r\u0259 t\u0259qdim edilir.<\/span><\/p>\n","protected":false},"featured_media":0,"comment_status":"open","ping_status":"closed","template":"","meta":{"_acf_changed":false,"om_disable_all_campaigns":false,"_monsterinsights_skip_tracking":false,"_monsterinsights_sitenote_active":false,"_monsterinsights_sitenote_note":"","_monsterinsights_sitenote_category":0},"product_cat":[47],"product_tag":[],"class_list":{"0":"post-12733","1":"product","2":"type-product","3":"status-publish","5":"product_cat-paxlavalar","7":"first","8":"instock","9":"shipping-taxable","10":"product-type-simple"},"acf":[],"aioseo_notices":[],"_links":{"self":[{"href":"https:\/\/hanoglubaklava.az\/index.php?rest_route=\/wp\/v2\/product\/12733","targetHints":{"allow":["GET"]}}],"collection":[{"href":"https:\/\/hanoglubaklava.az\/index.php?rest_route=\/wp\/v2\/product"}],"about":[{"href":"https:\/\/hanoglubaklava.az\/index.php?rest_route=\/wp\/v2\/types\/product"}],"replies":[{"embeddable":true,"href":"https:\/\/hanoglubaklava.az\/index.php?rest_route=%2Fwp%2Fv2%2Fcomments&post=12733"}],"wp:attachment":[{"href":"https:\/\/hanoglubaklava.az\/index.php?rest_route=%2Fwp%2Fv2%2Fmedia&parent=12733"}],"wp:term":[{"taxonomy":"product_cat","embeddable":true,"href":"https:\/\/hanoglubaklava.az\/index.php?rest_route=%2Fwp%2Fv2%2Fproduct_cat&post=12733"},{"taxonomy":"product_tag","embeddable":true,"href":"https:\/\/hanoglubaklava.az\/index.php?rest_route=%2Fwp%2Fv2%2Fproduct_tag&post=12733"}],"curies":[{"name":"wp","href":"https:\/\/api.w.org\/{rel}","templated":true}]}}