{"id":12747,"date":"2023-02-11T13:25:59","date_gmt":"2023-02-11T09:25:59","guid":{"rendered":"https:\/\/hanoglubaklava.az\/?post_type=product&#038;p=12747"},"modified":"2023-02-14T17:03:42","modified_gmt":"2023-02-14T13:03:42","slug":"fistiqli-gullac","status":"publish","type":"product","link":"https:\/\/hanoglubaklava.az\/?product=fistiqli-gullac","title":{"rendered":"F\u0131st\u0131ql\u0131 G\u00fclla\u00e7"},"content":{"rendered":"","protected":false},"excerpt":{"rendered":"<p><span style=\"color: #000000;\">15-ci \u0259srin ortalar\u0131na q\u0259d\u0259r Osmanl\u0131 \u0130mperatorlu\u011funda qar\u011f\u0131dal\u0131 ni\u015fastas\u0131ndan yufka haz\u0131rlayaraq ehtiyatda saxlay\u0131rd\u0131lar. Hava il\u0259 t\u0259masda oldu\u011fu \u00fc\u00e7\u00fcn quruyan bu yufkalar\u0131 s\u00fcd v\u0259 \u015f\u0259rb\u0259tl\u0259 isladaraq yeyirdil\u0259r. Zamanla g\u00fcl suyunun \u0259lav\u0259 edilm\u0259si il\u0259 \u201cg\u00fcll\u00fca\u015f\u201d adl\u0131 desert ortaya \u00e7\u0131xd\u0131 v\u0259 bu ad daha sonradan \u201cG\u00fclla\u00e7\u201d olaraq d\u0259yi\u015fdirildi.<\/span><\/p>\n<p><span style=\"color: #000000;\">Ramazan ay\u0131nda daha \u00e7ox \u00f6n planda olan bu \u015firniyyat, f\u0131st\u0131q l\u0259p\u0259si il\u0259 ideal bir tandem yaradaraq siz\u0259 t\u0259qdim edilir.<\/span><\/p>\n","protected":false},"featured_media":12876,"comment_status":"open","ping_status":"closed","template":"","meta":{"_acf_changed":false,"om_disable_all_campaigns":false,"_monsterinsights_skip_tracking":false,"_monsterinsights_sitenote_active":false,"_monsterinsights_sitenote_note":"","_monsterinsights_sitenote_category":0},"product_cat":[48],"product_tag":[],"class_list":{"0":"post-12747","1":"product","2":"type-product","3":"status-publish","4":"has-post-thumbnail","6":"product_cat-sudlu-sirniyyatlar","8":"first","9":"instock","10":"shipping-taxable","11":"product-type-simple"},"acf":[],"aioseo_notices":[],"_links":{"self":[{"href":"https:\/\/hanoglubaklava.az\/index.php?rest_route=\/wp\/v2\/product\/12747","targetHints":{"allow":["GET"]}}],"collection":[{"href":"https:\/\/hanoglubaklava.az\/index.php?rest_route=\/wp\/v2\/product"}],"about":[{"href":"https:\/\/hanoglubaklava.az\/index.php?rest_route=\/wp\/v2\/types\/product"}],"replies":[{"embeddable":true,"href":"https:\/\/hanoglubaklava.az\/index.php?rest_route=%2Fwp%2Fv2%2Fcomments&post=12747"}],"wp:featuredmedia":[{"embeddable":true,"href":"https:\/\/hanoglubaklava.az\/index.php?rest_route=\/wp\/v2\/media\/12876"}],"wp:attachment":[{"href":"https:\/\/hanoglubaklava.az\/index.php?rest_route=%2Fwp%2Fv2%2Fmedia&parent=12747"}],"wp:term":[{"taxonomy":"product_cat","embeddable":true,"href":"https:\/\/hanoglubaklava.az\/index.php?rest_route=%2Fwp%2Fv2%2Fproduct_cat&post=12747"},{"taxonomy":"product_tag","embeddable":true,"href":"https:\/\/hanoglubaklava.az\/index.php?rest_route=%2Fwp%2Fv2%2Fproduct_tag&post=12747"}],"curies":[{"name":"wp","href":"https:\/\/api.w.org\/{rel}","templated":true}]}}