{"id":12751,"date":"2023-02-11T13:30:17","date_gmt":"2023-02-11T09:30:17","guid":{"rendered":"https:\/\/hanoglubaklava.az\/?post_type=product&#038;p=12751"},"modified":"2023-02-13T15:51:32","modified_gmt":"2023-02-13T11:51:32","slug":"fistiqli-burma-kadayif","status":"publish","type":"product","link":"https:\/\/hanoglubaklava.az\/?product=fistiqli-burma-kadayif","title":{"rendered":"F\u0131st\u0131ql\u0131 Burma Kaday\u0131f"},"content":{"rendered":"","protected":false},"excerpt":{"rendered":"<p><span style=\"color: #000000;\">F\u0131st\u0131ql\u0131 burma kaday\u0131f, tel kaday\u0131f unu, 95% k\u0259p\u0259kli bu\u011fda unu, k\u0259r\u0259ya\u011f\u0131, f\u0131st\u0131q l\u0259p\u0259si v\u0259 \u015f\u0259rb\u0259td\u0259n haz\u0131rlanm\u0131\u015ft\u0131r.<\/span><\/p>\n<p><span style=\"color: #000000;\">F\u0259rqli t\u0259qdimat\u0131 v\u0259 \u015f\u0259rb\u0259tin f\u0131st\u0131q l\u0259p\u0259si il\u0259 b\u00fct\u00fcnl\u0259\u015fm\u0259sind\u0259n g\u0259l\u0259n l\u0259zz\u0259ti il\u0259 siz\u0259 t\u0259qdim edilir.<\/span><\/p>\n","protected":false},"featured_media":12619,"comment_status":"open","ping_status":"closed","template":"","meta":{"_acf_changed":false,"om_disable_all_campaigns":false,"_monsterinsights_skip_tracking":false,"_monsterinsights_sitenote_active":false,"_monsterinsights_sitenote_note":"","_monsterinsights_sitenote_category":0},"product_cat":[49],"product_tag":[],"class_list":{"0":"post-12751","1":"product","2":"type-product","3":"status-publish","4":"has-post-thumbnail","6":"product_cat-kadayiflar","8":"first","9":"instock","10":"shipping-taxable","11":"product-type-simple"},"acf":[],"aioseo_notices":[],"_links":{"self":[{"href":"https:\/\/hanoglubaklava.az\/index.php?rest_route=\/wp\/v2\/product\/12751","targetHints":{"allow":["GET"]}}],"collection":[{"href":"https:\/\/hanoglubaklava.az\/index.php?rest_route=\/wp\/v2\/product"}],"about":[{"href":"https:\/\/hanoglubaklava.az\/index.php?rest_route=\/wp\/v2\/types\/product"}],"replies":[{"embeddable":true,"href":"https:\/\/hanoglubaklava.az\/index.php?rest_route=%2Fwp%2Fv2%2Fcomments&post=12751"}],"wp:featuredmedia":[{"embeddable":true,"href":"https:\/\/hanoglubaklava.az\/index.php?rest_route=\/wp\/v2\/media\/12619"}],"wp:attachment":[{"href":"https:\/\/hanoglubaklava.az\/index.php?rest_route=%2Fwp%2Fv2%2Fmedia&parent=12751"}],"wp:term":[{"taxonomy":"product_cat","embeddable":true,"href":"https:\/\/hanoglubaklava.az\/index.php?rest_route=%2Fwp%2Fv2%2Fproduct_cat&post=12751"},{"taxonomy":"product_tag","embeddable":true,"href":"https:\/\/hanoglubaklava.az\/index.php?rest_route=%2Fwp%2Fv2%2Fproduct_tag&post=12751"}],"curies":[{"name":"wp","href":"https:\/\/api.w.org\/{rel}","templated":true}]}}