{"id":12760,"date":"2023-02-11T13:51:33","date_gmt":"2023-02-11T09:51:33","guid":{"rendered":"https:\/\/hanoglubaklava.az\/?post_type=product&#038;p=12760"},"modified":"2023-02-11T13:51:33","modified_gmt":"2023-02-11T09:51:33","slug":"baton-visn%c9%99li-antep-fistiqli-file-findiq-lokum","status":"publish","type":"product","link":"https:\/\/hanoglubaklava.az\/?product=baton-visn%c9%99li-antep-fistiqli-file-findiq-lokum","title":{"rendered":"Baton Vi\u015fn\u0259li Antep F\u0131st\u0131ql\u0131 File F\u0131nd\u0131q Lokum"},"content":{"rendered":"","protected":false},"excerpt":{"rendered":"<p><span style=\"color: #000000;\">Gaziantep f\u0131st\u0131\u011f\u0131, f\u0131nd\u0131q v\u0259 vi\u015fn\u0259 aromas\u0131n\u0131n lokuma b\u0259x\u015f etdiyi ah\u0259ng\u0259 q\u0259rq olacaqs\u0131n\u0131z!<\/span><\/p>\n<p><span style=\"color: #000000;\">Bu \u00e7e\u015fidimiz z\u0259rif qoxusu q\u0259d\u0259r, l\u0259ziz dad\u0131 il\u0259 d\u0259 sizi heyran ed\u0259c\u0259k.<\/span><\/p>\n","protected":false},"featured_media":12690,"comment_status":"open","ping_status":"closed","template":"","meta":{"_acf_changed":false,"om_disable_all_campaigns":false,"_monsterinsights_skip_tracking":false,"_monsterinsights_sitenote_active":false,"_monsterinsights_sitenote_note":"","_monsterinsights_sitenote_category":0},"product_cat":[50],"product_tag":[],"class_list":{"0":"post-12760","1":"product","2":"type-product","3":"status-publish","4":"has-post-thumbnail","6":"product_cat-lokumlar","8":"first","9":"instock","10":"shipping-taxable","11":"product-type-simple"},"acf":[],"aioseo_notices":[],"_links":{"self":[{"href":"https:\/\/hanoglubaklava.az\/index.php?rest_route=\/wp\/v2\/product\/12760","targetHints":{"allow":["GET"]}}],"collection":[{"href":"https:\/\/hanoglubaklava.az\/index.php?rest_route=\/wp\/v2\/product"}],"about":[{"href":"https:\/\/hanoglubaklava.az\/index.php?rest_route=\/wp\/v2\/types\/product"}],"replies":[{"embeddable":true,"href":"https:\/\/hanoglubaklava.az\/index.php?rest_route=%2Fwp%2Fv2%2Fcomments&post=12760"}],"wp:featuredmedia":[{"embeddable":true,"href":"https:\/\/hanoglubaklava.az\/index.php?rest_route=\/wp\/v2\/media\/12690"}],"wp:attachment":[{"href":"https:\/\/hanoglubaklava.az\/index.php?rest_route=%2Fwp%2Fv2%2Fmedia&parent=12760"}],"wp:term":[{"taxonomy":"product_cat","embeddable":true,"href":"https:\/\/hanoglubaklava.az\/index.php?rest_route=%2Fwp%2Fv2%2Fproduct_cat&post=12760"},{"taxonomy":"product_tag","embeddable":true,"href":"https:\/\/hanoglubaklava.az\/index.php?rest_route=%2Fwp%2Fv2%2Fproduct_tag&post=12760"}],"curies":[{"name":"wp","href":"https:\/\/api.w.org\/{rel}","templated":true}]}}