{"id":12764,"date":"2023-02-11T13:53:44","date_gmt":"2023-02-11T09:53:44","guid":{"rendered":"https:\/\/hanoglubaklava.az\/?post_type=product&#038;p=12764"},"modified":"2023-02-11T13:53:44","modified_gmt":"2023-02-11T09:53:44","slug":"sad%c9%99-vanilli-antep-fistiqli-dokme-lokum","status":"publish","type":"product","link":"https:\/\/hanoglubaklava.az\/?product=sad%c9%99-vanilli-antep-fistiqli-dokme-lokum","title":{"rendered":"Sad\u0259 Vanilli Antep F\u0131st\u0131ql\u0131 D\u00f6kme Lokum"},"content":{"rendered":"","protected":false},"excerpt":{"rendered":"<p><span style=\"color: #000000;\">Gaziantep f\u0131st\u0131\u011f\u0131 v\u0259 lokumun yaratd\u0131\u011f\u0131 l\u0259ziz tandem dan\u0131lmazd\u0131r. Bu ikilinin n\u0259fis dad\u0131n\u0131 b\u0259z\u0259y\u0259n vanil, h\u0259m qoxusu h\u0259m d\u0259 l\u0259zz\u0259ti il\u0259\u00a0 siz\u0259 \u0259v\u0259zedilm\u0259z tandem b\u0259x\u015f ed\u0259c\u0259k.<\/span><\/p>\n","protected":false},"featured_media":12690,"comment_status":"open","ping_status":"closed","template":"","meta":{"_acf_changed":false,"om_disable_all_campaigns":false,"_monsterinsights_skip_tracking":false,"_monsterinsights_sitenote_active":false,"_monsterinsights_sitenote_note":"","_monsterinsights_sitenote_category":0},"product_cat":[49],"product_tag":[],"class_list":{"0":"post-12764","1":"product","2":"type-product","3":"status-publish","4":"has-post-thumbnail","6":"product_cat-kadayiflar","8":"first","9":"instock","10":"shipping-taxable","11":"product-type-simple"},"acf":[],"aioseo_notices":[],"_links":{"self":[{"href":"https:\/\/hanoglubaklava.az\/index.php?rest_route=\/wp\/v2\/product\/12764","targetHints":{"allow":["GET"]}}],"collection":[{"href":"https:\/\/hanoglubaklava.az\/index.php?rest_route=\/wp\/v2\/product"}],"about":[{"href":"https:\/\/hanoglubaklava.az\/index.php?rest_route=\/wp\/v2\/types\/product"}],"replies":[{"embeddable":true,"href":"https:\/\/hanoglubaklava.az\/index.php?rest_route=%2Fwp%2Fv2%2Fcomments&post=12764"}],"wp:featuredmedia":[{"embeddable":true,"href":"https:\/\/hanoglubaklava.az\/index.php?rest_route=\/wp\/v2\/media\/12690"}],"wp:attachment":[{"href":"https:\/\/hanoglubaklava.az\/index.php?rest_route=%2Fwp%2Fv2%2Fmedia&parent=12764"}],"wp:term":[{"taxonomy":"product_cat","embeddable":true,"href":"https:\/\/hanoglubaklava.az\/index.php?rest_route=%2Fwp%2Fv2%2Fproduct_cat&post=12764"},{"taxonomy":"product_tag","embeddable":true,"href":"https:\/\/hanoglubaklava.az\/index.php?rest_route=%2Fwp%2Fv2%2Fproduct_tag&post=12764"}],"curies":[{"name":"wp","href":"https:\/\/api.w.org\/{rel}","templated":true}]}}