{"id":12798,"date":"2023-02-11T14:27:09","date_gmt":"2023-02-11T10:27:09","guid":{"rendered":"https:\/\/hanoglubaklava.az\/?post_type=product&#038;p=12798"},"modified":"2023-02-15T13:45:50","modified_gmt":"2023-02-15T09:45:50","slug":"s%c9%99k%c9%99rbura-xirda","status":"publish","type":"product","link":"https:\/\/hanoglubaklava.az\/?product=s%c9%99k%c9%99rbura-xirda","title":{"rendered":"\u015e\u0259k\u0259rbura X\u0131rda"},"content":{"rendered":"","protected":false},"excerpt":{"rendered":"<p><span style=\"color: #000000;\">Az\u0259rbaycan\u0131n milli \u015firniyyat n\u00f6v\u00fc olan \u015f\u0259k\u0259rbura firavanl\u0131q r\u0259mzidir. \u00dcz\u0259rind\u0259 s\u0131x-s\u0131x d\u00fcz\u00fclm\u00fc\u015f nax\u0131\u015flar is\u0259 ad\u0259t\u0259n bu\u011fda s\u00fcnb\u00fcll\u0259rini xat\u0131rlad\u0131r.\u00a0<\/span><\/p>\n<p><span style=\"color: #000000;\">A\u011f\u0131zda ovulan k\u00f6vr\u0259k x\u0259miri v\u0259 bol i\u00e7liyi il\u0259 se\u00e7il\u0259n bu \u015firniyyat, bayram s\u00fcfr\u0259nizin b\u0259z\u0259yin\u0259 \u00e7evril\u0259c\u0259k.<\/span><\/p>\n","protected":false},"featured_media":12903,"comment_status":"open","ping_status":"closed","template":"","meta":{"_acf_changed":false,"om_disable_all_campaigns":false,"_monsterinsights_skip_tracking":false,"_monsterinsights_sitenote_active":false,"_monsterinsights_sitenote_note":"","_monsterinsights_sitenote_category":0},"product_cat":[52],"product_tag":[],"class_list":{"0":"post-12798","1":"product","2":"type-product","3":"status-publish","4":"has-post-thumbnail","6":"product_cat-digr-mhsullar","8":"first","9":"instock","10":"shipping-taxable","11":"product-type-simple"},"acf":[],"aioseo_notices":[],"_links":{"self":[{"href":"https:\/\/hanoglubaklava.az\/index.php?rest_route=\/wp\/v2\/product\/12798","targetHints":{"allow":["GET"]}}],"collection":[{"href":"https:\/\/hanoglubaklava.az\/index.php?rest_route=\/wp\/v2\/product"}],"about":[{"href":"https:\/\/hanoglubaklava.az\/index.php?rest_route=\/wp\/v2\/types\/product"}],"replies":[{"embeddable":true,"href":"https:\/\/hanoglubaklava.az\/index.php?rest_route=%2Fwp%2Fv2%2Fcomments&post=12798"}],"wp:featuredmedia":[{"embeddable":true,"href":"https:\/\/hanoglubaklava.az\/index.php?rest_route=\/wp\/v2\/media\/12903"}],"wp:attachment":[{"href":"https:\/\/hanoglubaklava.az\/index.php?rest_route=%2Fwp%2Fv2%2Fmedia&parent=12798"}],"wp:term":[{"taxonomy":"product_cat","embeddable":true,"href":"https:\/\/hanoglubaklava.az\/index.php?rest_route=%2Fwp%2Fv2%2Fproduct_cat&post=12798"},{"taxonomy":"product_tag","embeddable":true,"href":"https:\/\/hanoglubaklava.az\/index.php?rest_route=%2Fwp%2Fv2%2Fproduct_tag&post=12798"}],"curies":[{"name":"wp","href":"https:\/\/api.w.org\/{rel}","templated":true}]}}